f 358880?
8
What is the units digit of 485555?
5
What is the ten thousands digit of 1107058?
0
What is the units digit of 649364?
4
What is the hundreds digit of 781336?
3
What is the hundreds digit of 229372?
3
What is the units digit of 2018313?
3
What is the thousands digit of 24459660?
9
What is the millions digit of 21966279?
1
What is the tens digit of 2313063?
6
What is the units digit of 8001090?
0
What is the thousands digit of 1101947?
1
What is the hundred thousands digit of 919342?
9
What is the units digit of 581563?
3
What is the millions digit of 2098833?
2
What is the tens digit of 928148?
4
What is the hundreds digit of 2539?
5
What is the ten thousands digit of 1950807?
5
What is the ten thousands digit of 15259016?
5
What is the thousands digit of 46628?
6
What is the thousands digit of 7098611?
8
What is the hundred thousands digit of 249416?
2
What is the tens digit of 965141?
4
What is the thousands digit of 798042?
8
What is the ten thousands digit of 362116?
6
What is the hundreds digit of 33316?
3
What is the millions digit of 5811122?
5
What is the thousands digit of 22005749?
5
What is the hundred thousands digit of 1191927?
1
What is the hundreds digit of 21450526?
5
What is the tens digit of 610377?
7
What is the ten thousands digit of 4511929?
1
What is the hundreds digit of 2495880?
8
What is the hundred thousands digit of 484609?
4
What is the units digit of 29169?
9
What is the units digit of 597185?
5
What is the ten thousands digit of 5079608?
7
What is the hundred thousands digit of 1249234?
2
What is the hundreds digit of 4706389?
3
What is the hundreds digit of 2226290?
2
What is the hundreds digit of 231929?
9
What is the thousands digit of 122694?
2
What is the ten thousands digit of 10169355?
6
What is the thousands digit of 634481?
4
What is the units digit of 187534?
4
What is the ten thousands digit of 9013222?
1
What is the hundred thousands digit of 23954957?
9
What is the hundred thousands digit of 10099889?
0
What is the thousands digit of 550574?
0
What is the hundred thousands digit of 3244756?
2
What is the ten thousands digit of 5172595?
7
What is the ten thousands digit of 21029129?
2
What is the tens digit of 302809?
0
What is the hundred thousands digit of 2546202?
5
What is the hundred thousands digit of 8136212?
1
What is the thousands digit of 647884?
7
What is the tens digit of 413424?
2
What is the tens digit of 824414?
1
What is the millions digit of 2923857?
2
What is the ten thousands digit of 532770?
3
What is the hundreds digit of 14898?
8
What is the tens digit of 3179511?
1
What is the tens digit of 16060590?
9
What is the hundred thousands digit of 3728657?
7
What is the units digit of 3833731?
1
What is the tens digit of 3023393?
9
What is the hundreds digit of 1396408?
4
What is the millions digit of 1430518?
1
What is the hundreds digit of 430425?
4
What is the tens digit of 3355874?
7
What is the millions digit of 8488973?
8
What is the hundreds digit of 13717?
7
What is the units digit of 10864595?
5
What is the thousands digit of 392434?
2
What is the units digit of 87531?
1
What is the ten thousands digit of 29945567?
4
What is the hundred thousands digit of 1209820?
2
What is the ten thousands digit of 230571?
3
What is the ten thousands digit of 10309902?
0
What is the hundreds digit of 250782?
7
What is the millions digit of 1813988?
1
What is the ten thousands digit of 2442352?
4
What is the hundred thousands digit of 157705?
1
What is the thousands digit of 3436662?
6
What is the tens digit of 39005630?
3
What is the tens digit of 1142375?
7
What is the ten thousands digit of 17222?
1
What is the thousands digit of 13665822?
5
What is the tens digit of 1298930?
3
What is the units digit of 5376182?
2
What is the thousands digit of 20533903?
3
What is the units digit of 877003?
3
What is the hundred thousands digit of 452524?
4
What is the units digit of 9610557?
7
What is the hundred thousands digit of 3244906?
2
What is the hundreds digit of 74144?
1
What is the millions digit of 25928845?
5
What is the thousands digit of 3278770?
8
What is the units digit of 11731634?
4
What is the tens digit of 4472215?
1
What is the units digit of 23382452?
2
What is the hundreds digit of 23830169?
1
What is the hundred thousands digit of 3248964?
2
What is the tens digit of 2656346?
4
What is the tens digit of 2580835?
3
What is the units digit of 4030268?
8
What is the ten thousands digit of 356809?
5
What is the tens digit of 773297?
9
What is the hundreds digit of 891914?
9
What is the hundred thousands digit of 3619716?
6
What is the millions digit of 10294253?
0
What is the thousands digit of 4352525?
2
What is the units digit of 16623345?
5
What is the ten millions digit of 11022046?
1
What is the ten thousands digit of 3199006?
9
What is the millions digit of 4306967?
4
What is the units digit of 88061?
1
What is the hundred thousands digit of 9391537?
3
What is the thousands digit of 202027?
2
What is the thousands digit of 1001413?
1
What is the tens digit of 45497?
9
What is the hundred thousands digit of 15150873?
1
What is the hundreds digit of 301343?
3
What is the thousands digit of 1982744?
2
What is the hundreds digit of 398080?
0
What is the millions digit of 3147944?
3
What is the tens digit of 469207?
0
What is the hundred thousands digit of 479737?
4
What is the hundreds digit of 302406?
4
What is the tens digit of 2259944?
4
What is the ten thousands digit of 36853?
3
What is the hundreds digit of 1288031?
0
What is the tens digit of 2147680?
8
What is the hundred thousands digit of 833214?
8
What is the hundreds digit of 205766?
7
What is the units digit of 11620?
0
What is the hundred thousands digit of 952909?
9
What is the thousands digit of 2121337?
1
What is the millions digit of 2468541?
2
What is the units digit of 33016?
6
What is the units digit of 227522?
2
What is the tens digit of 6300897?
9
What is the hundred thousands digit of 1569861?
5
What is the units digit of 9966627?
7
What is the hundred thousands digit of 309553?
3
What is the tens digit of 18160631?
3
What is the hundreds digit of 10496362?
3
What is the tens digit of 9065670?
7
What is the units digit of 560866?
6
What is the tens digit of 539404?
0
What is the units digit of 4317708?
8
What is the units digit of 1435670?
0
What is the ten thousands digit of 10700942?
0
What is the thousands digit of 166774?
6
What is the units digit of 278395?
5
What is the thousands digit of 96199?
6
What is the thousands digit of 74448?
4
What is the hundreds digit of 584603?
6
What is the tens digit of 258261?
6
What is the millions digit of 1777786?
1
What is the hundred thousands digit of 703223?
7
What is the units digit of 1706811?
1
What is the thousands digit of 49397?
9
What is the hundreds digit of 858039?
0
What is the units digit of 606937?
7
What is the hundred thousands digit of 25126841?
1
What is the ten thousands digit of 807930?
0
What is the thousands digit of 2985118?
5
What is the ten thousands digit of 5338910?
3
What is the ten thousands digit of 1473453?
7
What is the units digit of 14574566?
6
What is the units digit of 547436?
6
What is the hundred thousands digit of 9183215?
1
What is the hundreds digit of 150163?
1
What is the units digit of 6412293?
3
What is the thousands digit of 87632?
7
What is the hundreds digit of 238397?
3
What is the thousands digit of 330949?
0
What is the tens digit of 1899735?
3
What is the millions digit of 11158696?
1
What is the hundreds digit of 1346746?
7
What is the hundreds digit of 3617644?
6
What is the hundreds digit of 28561?
5
What is the thousands digit of 580880?
0
What is the hundreds digit of 1351457?
4
What is the units digit of 8163042?
2
What is the ten thousands digit of 1807798?
0
What is the units digit of 16332130?
0
What is the tens digit of 8748?
4
What is the tens digit of 1701361?
6
What is the tens digit of 17650950?
5
What is the millions digit of 2979432?
2
What is the tens digit of 17664?
6
What is the units digit of 761035?
5
What is the millions digit of 1669757?
1
What is the millions digit of 13615101?
3
What is the millions digit of 12976446?
2
What is the hundred thousands digit of 17955067?
9
What